{"id":1365,"date":"2019-08-05T12:15:53","date_gmt":"2019-08-05T10:15:53","guid":{"rendered":"https:\/\/whatthefuck.noblogs.org\/?page_id=1365"},"modified":"2019-08-05T12:15:53","modified_gmt":"2019-08-05T10:15:53","slug":"aufruf-2019","status":"publish","type":"page","link":"https:\/\/whatthefuck.noblogs.org\/es\/aufruf-2019\/","title":{"rendered":"Call"},"content":{"rendered":"<p><a href=\"\/aufruf-2019\">[deutsch]<\/a> | <a href=\"\/en\/aufruf-2019\">[english]<\/a> | [espa\u00f1ol]<\/p>\n<h1>\u00bf\u00bbMarcha por la vida\u00bb? &#8211; \u00a1What the fuck?!<\/h1>\n<p>El 21 de setiembre del 2019 va a tener lugar en Berl\u00edn la \u00abMarcha por la vida\u00bb. Cada a\u00f1o millares de autodenominados \u00abdefensores de la vida\u00bb participan en este acontecimiento para reclamar una prohibici\u00f3n general del aborto.<\/p>\n<p>Bajo el pretexto de la defensa de la vida la \u00abMarcha por la vida\u00bb propaga una ideolog\u00eda cristiana fundamentalista, seg\u00fan la cual sin embargo no todas las vidas deben ser protegidas por igual. Tomando como argumento Dios y la Biblia, se posicionan a favor de los roles de g\u00e9nero tradicionales y de una moral r\u00edgida en el \u00e1mbito de la sexualidad; adem\u00e1s son homo- y transf\u00f3bicos. Este grupo no es el \u00fanico que defiende esta ideolog\u00eda; pues estamos experimentado un surgimiento de ideas nacional-conservadoras y antifeministas en nuestras sociedades. El antifeminismo funciona de enlace entre diferentes fuerzas reaccionarias, desde el Partido Dem\u00f3crata Cristiano (CDU\/CSU) hasta la Alternativa por Alemania (AfD), pasando por distintos actores de la extrema derecha. El odio contra las mujeres, el colectivo queer\/LGBTIQ* y las personas refugiadas est\u00e1 en aumento. Nos declaramos en contra de cualquier posici\u00f3n discriminatoria y exigimos derechos reproductivos para todxs. La elecci\u00f3n de interrumpir un embarazo forma parte integral de estos derechos. El acceso al aborto de forma legal es imprescindible para que no se produzcan m\u00e1s muertes a causa de abortos inseguros.<\/p>\n<p>En pa\u00edses en los que no existe acceso a un aborto seguro se registra un alto n\u00famero de personas que mueren o bien durante el proceso o bien a posteriori a causa de las malas pr\u00e1cticas. La prohibici\u00f3n del aborto pues, no evita que se lleven a cabo abortos y, en cambio, provoca muertes.<\/p>\n<p style=\"text-align: center\"><strong>\u00a1Vamos a sabotear la marcha y a reclamar una sociedad libre y emancipada! \u00a1Si tambi\u00e9n est\u00e1s hartx del sinsentido antifeminista y nacionalista, \u00fanete a nuestra protesta!<\/strong><br \/>\n<strong>\u00a1What the fuck! Por la legalizaci\u00f3n del aborto y el sabotaje al antifeminismo.<\/strong><\/p>\n<p style=\"text-align: center\"><strong>21 de setiembre a las 10 am en Hackescher Markt<\/strong><\/p>\n<p>Luchamos<\/p>\n<ul>\n<li>por el derecho a la interrupci\u00f3n del embarazo y al acceso a la informaci\u00f3n pertinente, por lo que nos posicionamos a favor de la anulaci\u00f3n de los p\u00e1rrafos \u00a7218 y \u00a7219 del c\u00f3digo penal alem\u00e1n &#8211; para que el aborto sea incluido en el curr\u00edculum de la formaci\u00f3n de lxs m\u00e9dicos y los hospitales est\u00e9n obligados a realizar abortos<\/li>\n<li>para que los abortos sean reconocidos como un procedimiento m\u00e9dico normal y en este sentido sean cubiertos por el seguro m\u00e9dico<\/li>\n<li>para que los abortos sean accesibles a las personas refugiadas<\/li>\n<li>por un acompa\u00f1amiento m\u00e9dico del embarazo que se centre en el bienestar de la persona embarazada y no en la idea de la salud de un \u00abcuerpo racial\u00bb &#8211; por una sociedad que facilite a cada persona &#8211; con o sin discapacidades &#8211; el apoyo que necesita<\/li>\n<li>por una sociedad en la que toda persona, independientemente de su g\u00e9nero y deseos sexuales, pueda desarrollarse y vivir sin miedo<\/li>\n<\/ul>\n<p>Si est\u00e1s de acuerdo con nuestras demandas, \u00fanete a nosotrxs el s\u00e1bado 21 de setiembre y protesta contra la \u00abMarcha por la vida\u00bb.<\/p>\n","protected":false},"excerpt":{"rendered":"<p>[deutsch] | [english] | [espa\u00f1ol] \u00bf\u00bbMarcha por la vida\u00bb? &#8211; \u00a1What the fuck?! El 21 de setiembre del 2019 va a tener lugar en Berl\u00edn la \u00abMarcha por la vida\u00bb. Cada a\u00f1o millares de autodenominados \u00abdefensores de la vida\u00bb participan &hellip; <a href=\"https:\/\/whatthefuck.noblogs.org\/es\/aufruf-2019\/\">Sigue leyendo <span class=\"meta-nav\">&rarr;<\/span><\/a><\/p>\n","protected":false},"author":8570,"featured_media":0,"parent":0,"menu_order":0,"comment_status":"closed","ping_status":"closed","template":"","meta":{"_locale":"es_ES","_original_post":"1326","footnotes":""},"class_list":["post-1365","page","type-page","status-publish","hentry","es-ES"],"_links":{"self":[{"href":"https:\/\/whatthefuck.noblogs.org\/wp-json\/wp\/v2\/pages\/1365","targetHints":{"allow":["GET"]}}],"collection":[{"href":"https:\/\/whatthefuck.noblogs.org\/wp-json\/wp\/v2\/pages"}],"about":[{"href":"https:\/\/whatthefuck.noblogs.org\/wp-json\/wp\/v2\/types\/page"}],"author":[{"embeddable":true,"href":"https:\/\/whatthefuck.noblogs.org\/wp-json\/wp\/v2\/users\/8570"}],"replies":[{"embeddable":true,"href":"https:\/\/whatthefuck.noblogs.org\/wp-json\/wp\/v2\/comments?post=1365"}],"version-history":[{"count":1,"href":"https:\/\/whatthefuck.noblogs.org\/wp-json\/wp\/v2\/pages\/1365\/revisions"}],"predecessor-version":[{"id":1368,"href":"https:\/\/whatthefuck.noblogs.org\/wp-json\/wp\/v2\/pages\/1365\/revisions\/1368"}],"wp:attachment":[{"href":"https:\/\/whatthefuck.noblogs.org\/wp-json\/wp\/v2\/media?parent=1365"}],"curies":[{"name":"wp","href":"https:\/\/api.w.org\/{rel}","templated":true}]}}

<p><a href="/aufruf-2019">[deutsch]</a> | <a href="/en/aufruf-2019">[english]</a> | [español]</p>
<h1>¿»Marcha por la vida»? &#8211; ¡What the fuck?!</h1>
<p>El 21 de setiembre del 2019 va a tener lugar en Berlín la «Marcha por la vida». Cada año millares de autodenominados «defensores de la vida» participan en este acontecimiento para reclamar una prohibición general del aborto.</p>
<p>Bajo el pretexto de la defensa de la vida la «Marcha por la vida» propaga una ideología cristiana fundamentalista, según la cual sin embargo no todas las vidas deben ser protegidas por igual. Tomando como argumento Dios y la Biblia, se posicionan a favor de los roles de género tradicionales y de una moral rígida en el ámbito de la sexualidad; además son homo- y transfóbicos. Este grupo no es el único que defiende esta ideología; pues estamos experimentado un surgimiento de ideas nacional-conservadoras y antifeministas en nuestras sociedades. El antifeminismo funciona de enlace entre diferentes fuerzas reaccionarias, desde el Partido Demócrata Cristiano (CDU/CSU) hasta la Alternativa por Alemania (AfD), pasando por distintos actores de la extrema derecha. El odio contra las mujeres, el colectivo queer/LGBTIQ* y las personas refugiadas está en aumento. Nos declaramos en contra de cualquier posición discriminatoria y exigimos derechos reproductivos para todxs. La elección de interrumpir un embarazo forma parte integral de estos derechos. El acceso al aborto de forma legal es imprescindible para que no se produzcan más muertes a causa de abortos inseguros.</p>
<p>En países en los que no existe acceso a un aborto seguro se registra un alto número de personas que mueren o bien durante el proceso o bien a posteriori a causa de las malas prácticas. La prohibición del aborto pues, no evita que se lleven a cabo abortos y, en cambio, provoca muertes.</p>
<p style="text-align: center"><strong>¡Vamos a sabotear la marcha y a reclamar una sociedad libre y emancipada! ¡Si también estás hartx del sinsentido antifeminista y nacionalista, únete a nuestra protesta!</strong><br />
<strong>¡What the fuck! Por la legalización del aborto y el sabotaje al antifeminismo.</strong></p>
<p style="text-align: center"><strong>21 de setiembre a las 10 am en Hackescher Markt</strong></p>
<p>Luchamos</p>
<ul>
<li>por el derecho a la interrupción del embarazo y al acceso a la información pertinente, por lo que nos posicionamos a favor de la anulación de los párrafos §218 y §219 del código penal alemán &#8211; para que el aborto sea incluido en el currículum de la formación de lxs médicos y los hospitales estén obligados a realizar abortos</li>
<li>para que los abortos sean reconocidos como un procedimiento médico normal y en este sentido sean cubiertos por el seguro médico</li>
<li>para que los abortos sean accesibles a las personas refugiadas</li>
<li>por un acompañamiento médico del embarazo que se centre en el bienestar de la persona embarazada y no en la idea de la salud de un «cuerpo racial» &#8211; por una sociedad que facilite a cada persona &#8211; con o sin discapacidades &#8211; el apoyo que necesita</li>
<li>por una sociedad en la que toda persona, independientemente de su género y deseos sexuales, pueda desarrollarse y vivir sin miedo</li>
</ul>
<p>Si estás de acuerdo con nuestras demandas, únete a nosotrxs el sábado 21 de setiembre y protesta contra la «Marcha por la vida».</p>

<p>[deutsch] | [english] | [español] ¿»Marcha por la vida»? &#8211; ¡What the fuck?! El 21 de setiembre del 2019 va a tener lugar en Berlín la «Marcha por la vida». Cada año millares de autodenominados «defensores de la vida» participan &hellip; <a href="https://whatthefuck.noblogs.org/es/aufruf-2019/">Sigue leyendo <span class="meta-nav">&rarr;</span></a></p>
